{"id":735,"date":"2019-10-18T22:50:22","date_gmt":"2019-10-18T20:50:22","guid":{"rendered":"http:\/\/www.ucs.wum.edu.pl\/?page_id=735"},"modified":"2019-10-21T02:05:10","modified_gmt":"2019-10-21T00:05:10","slug":"materialy-dla-pracownikow-wum","status":"publish","type":"page","link":"https:\/\/ucs.wum.edu.pl\/?page_id=735","title":{"rendered":"MATERIA\u0141Y DLA PRACOWNIK\u00d3W WUM"},"content":{"rendered":"<p>***<em>Poni\u017csze materia\u0142y mog\u0105 by\u0107 szczeg\u00f3lnie pomocne w pracy ze studentami zagranicznymi i obecnie dost\u0119pne s\u0105 jedynie w j\u0119zyku angielskim<\/em>***<\/p>\n<p>Studying in a foreign country is an interesting and developing experience though is associated with stress and difficulties. These difficulties result from many aspects including necessity to integrate within a new environment and adaptation to the cultural differences. Foreigners are also, unfortunately, exposed to discrimination and unequal treatment. Stress that they experience may lead to adaptation disorders and depression.<\/p>\n<p>Here you will find multimedia materials concerning cultural differences and illustrating the possible misunderstandings arising on this background. You will also find some information on discrimination and depression, how to recognize them and how to react when facing them.<\/p>\n\n<div id=\"themify_builder_content-735\" data-postid=\"735\" class=\"themify_builder_content themify_builder_content-735 themify_builder\">\n    \t<!-- module_row -->\n\t<div class=\"themify_builder_row module_row clearfix module_row_0 themify_builder_735_row module_row_735-0 tb_ncqg333\">\n\t    \t    <div class=\"row_inner col_align_top\">\n\t\t\t<div class=\"module_column tb-column col-full first tb_735_column module_column_0 module_column_735-0-0 tb_ozm3909\">\n\t    \t    \t        <div class=\"tb-column-inner\">\n\t\t        <!-- module accordion -->\n    <div class=\"module module-accordion tb_g3rr910  \" data-behavior=\"accordion\">\n\t        \n        <ul class=\"ui module-accordion plus-icon-button rounded gradient tb_default_color\">\n                            <li>\n                    <div class=\"accordion-title\">\n                        <a href=\"#acc-tb_g3rr910-0\" aria-controls=\"acc-tb_g3rr910-0\" aria-expanded=\"false\">\n                                                        \t\t\t    <span class=\"tb_title_accordion\">Cultural differences<\/span>\n                        <\/a>\n                    <\/div>\n                    <div id=\"acc-tb_g3rr910-0\" aria-hidden=\"true\" class=\"accordion-content clearfix  default-closed\">\n                        \t\t\t    <div class=\"tb_text_wrap\">\n\t\t\t\t<p><iframe loading=\"lazy\" style=\"padding: 1%;\" src=\"\/\/www.youtube.com\/embed\/NfSN3NG3LjI\" width=\"200\" height=\"150\" allowfullscreen=\"allowfullscreen\"><\/iframe><iframe loading=\"lazy\" style=\"padding: 1%;\" src=\"\/\/www.youtube.com\/embed\/sp8C86IQjYA\" width=\"200\" height=\"150\" allowfullscreen=\"allowfullscreen\"><\/iframe><iframe loading=\"lazy\" style=\"padding: 1%;\" src=\"\/\/www.youtube.com\/embed\/mOI5LqOdHug\" width=\"200\" height=\"150\" allowfullscreen=\"allowfullscreen\"><\/iframe><\/p>\t\t\t    <\/div>\n                                                \n                    <\/div>\n                <\/li>\n                            <li>\n                    <div class=\"accordion-title\">\n                        <a href=\"#acc-tb_g3rr910-1\" aria-controls=\"acc-tb_g3rr910-1\" aria-expanded=\"false\">\n                                                        \t\t\t    <span class=\"tb_title_accordion\">Discrimination<\/span>\n                        <\/a>\n                    <\/div>\n                    <div id=\"acc-tb_g3rr910-1\" aria-hidden=\"true\" class=\"accordion-content clearfix  default-closed\">\n                        \t\t\t    <div class=\"tb_text_wrap\">\n\t\t\t\t<p><a class=\"link-to-pdf\" title=\"Dyskryminacja - co to znaczy\" href=\"http:\/\/ucs.wum.edu.pl\/wp-content\/uploads\/2016\/07\/ULOTKA-016-Dyskryminacja-co-to-znaczy.pdf\" target=\"_blank\" rel=\"attachment wp-att-513\"><img loading=\"lazy\" decoding=\"async\" class=\"alignnone size-thumbnail wp-image-514 thumb-of-pdf\" src=\"http:\/\/ucs.wum.edu.pl\/wp-content\/uploads\/2016\/07\/ULOTKA-016-Dyskryminacja-co-to-znaczy-pdf-150x150.jpg\" alt=\"thumbnail of ULOTKA 016 Dyskryminacja \u2013 co to znaczy\" width=\"150\" height=\"150\"><\/a><\/p>\t\t\t    <\/div>\n                                                \n                    <\/div>\n                <\/li>\n                    <\/ul>\n\n    <\/div>\n    <!-- \/module accordion -->\n\t        <\/div>\n\t    \t<\/div>\n\t\t    <\/div>\n\t    <!-- \/row_inner -->\n\t<\/div>\n\t<!-- \/module_row -->\n\t<\/div>\n\n","protected":false},"excerpt":{"rendered":"<p>***Poni\u017csze materia\u0142y mog\u0105 by\u0107 szczeg\u00f3lnie pomocne w pracy ze studentami zagranicznymi i obecnie dost\u0119pne s\u0105 jedynie w j\u0119zyku angielskim*** Studying in a foreign country is an interesting and developing experience though is associated with stress and difficulties. These difficulties result from many aspects including necessity to integrate within a new environment and adaptation to&nbsp;the&nbsp;[\u2026]<\/p>\n","protected":false},"author":1,"featured_media":0,"parent":0,"menu_order":0,"comment_status":"closed","ping_status":"closed","template":"","meta":{"_acf_changed":false,"wp_typography_post_enhancements_disabled":false,"footnotes":""},"class_list":["post-735","page","type-page","status-publish","hentry","has-post-title","has-post-date","has-post-category","has-post-tag","has-post-comment","has-post-author",""],"acf":[],"builder_content":"<ul><li><h4>Cultural differences<\/h4><p><iframe style=\"padding: 1%;\" src=\"\/\/www.youtube.com\/embed\/NfSN3NG3LjI\" width=\"200\" height=\"150\" allowfullscreen=\"allowfullscreen\"><\/iframe><iframe style=\"padding: 1%;\" src=\"\/\/www.youtube.com\/embed\/sp8C86IQjYA\" width=\"200\" height=\"150\" allowfullscreen=\"allowfullscreen\"><\/iframe><iframe style=\"padding: 1%;\" src=\"\/\/www.youtube.com\/embed\/mOI5LqOdHug\" width=\"200\" height=\"150\" allowfullscreen=\"allowfullscreen\"><\/iframe><\/p><\/li><li><h4>Discrimination<\/h4><p><a title=\"Dyskryminacja - co to znaczy\" href=\"http:\/\/ucs.wum.edu.pl\/wp-content\/uploads\/2016\/07\/ULOTKA-016-Dyskryminacja-co-to-znaczy.pdf\" target=\"_blank\" rel=\"attachment wp-att-513\"><img src=\"http:\/\/ucs.wum.edu.pl\/wp-content\/uploads\/2016\/07\/ULOTKA-016-Dyskryminacja-co-to-znaczy-pdf-150x150.jpg\" alt=\"thumbnail of ULOTKA 016 Dyskryminacja \u2013 co to znaczy\" width=\"150\" height=\"150\" \/><\/a><\/p><\/li><\/ul>","_links":{"self":[{"href":"https:\/\/ucs.wum.edu.pl\/index.php?rest_route=\/wp\/v2\/pages\/735","targetHints":{"allow":["GET"]}}],"collection":[{"href":"https:\/\/ucs.wum.edu.pl\/index.php?rest_route=\/wp\/v2\/pages"}],"about":[{"href":"https:\/\/ucs.wum.edu.pl\/index.php?rest_route=\/wp\/v2\/types\/page"}],"author":[{"embeddable":true,"href":"https:\/\/ucs.wum.edu.pl\/index.php?rest_route=\/wp\/v2\/users\/1"}],"replies":[{"embeddable":true,"href":"https:\/\/ucs.wum.edu.pl\/index.php?rest_route=%2Fwp%2Fv2%2Fcomments&post=735"}],"version-history":[{"count":6,"href":"https:\/\/ucs.wum.edu.pl\/index.php?rest_route=\/wp\/v2\/pages\/735\/revisions"}],"predecessor-version":[{"id":855,"href":"https:\/\/ucs.wum.edu.pl\/index.php?rest_route=\/wp\/v2\/pages\/735\/revisions\/855"}],"wp:attachment":[{"href":"https:\/\/ucs.wum.edu.pl\/index.php?rest_route=%2Fwp%2Fv2%2Fmedia&parent=735"}],"curies":[{"name":"wp","href":"https:\/\/api.w.org\/{rel}","templated":true}]}}